1767?
475
Calculate the remainder when 20067643 is divided by 7879.
7709
What is the remainder when 4998363 is divided by 827?
802
What is the remainder when 142383 is divided by 2544?
2463
Calculate the remainder when 42577 is divided by 649.
392
Calculate the remainder when 29700405 is divided by 278.
275
Calculate the remainder when 220175 is divided by 219937.
238
What is the remainder when 232449 is divided by 201?
93
What is the remainder when 10676 is divided by 23?
4
Calculate the remainder when 315915 is divided by 11238.
1251
What is the remainder when 80047744 is divided by 595?
14
Calculate the remainder when 593444 is divided by 295019.
3406
What is the remainder when 162440 is divided by 4827?
3149
Calculate the remainder when 47235 is divided by 7853.
117
What is the remainder when 769092 is divided by 14045?
10662
What is the remainder when 96642497 is divided by 500?
497
Calculate the remainder when 228253 is divided by 75914.
511
What is the remainder when 1934813 is divided by 773?
767
What is the remainder when 140979 is divided by 8289?
66
What is the remainder when 3710421 is divided by 142707?
39
What is the remainder when 68568583 is divided by 1388?
1383
What is the remainder when 38006 is divided by 368?
102
What is the remainder when 48051285 is divided by 9610257?
0
Calculate the remainder when 10783101 is divided by 2695769.
25
What is the remainder when 469379 is divided by 1634?
421
Calculate the remainder when 40820 is divided by 4882.
1764
Calculate the remainder when 1158433 is divided by 370.
333
What is the remainder when 21317219 is divided by 115?
14
What is the remainder when 15222297 is divided by 91?
90
Calculate the remainder when 12310 is divided by 57.
55
What is the remainder when 24841920 is divided by 196?
96
What is the remainder when 583016 is divided by 291468?
80
What is the remainder when 225805806 is divided by 59?
3
Calculate the remainder when 499774 is divided by 1512.
814
Calculate the remainder when 17237 is divided by 1418.
221
What is the remainder when 708605 is divided by 236197?
14
What is the remainder when 15188980 is divided by 5611?
3
Calculate the remainder when 435006 is divided by 3749.
122
Calculate the remainder when 795627 is divided by 61.
4
What is the remainder when 22719577 is divided by 6311?
6288
What is the remainder when 6752841 is divided by 74207?
4
Calculate the remainder when 8039708 is divided by 5342.
5340
Calculate the remainder when 6225980 is divided by 199.
66
Calculate the remainder when 122241988 is divided by 78.
76
What is the remainder when 2115931 is divided by 632?
627
What is the remainder when 12964791 is divided by 1833?
1815
Calculate the remainder when 86100 is divided by 1028.
776
What is the remainder when 49164 is divided by 16315?
219
Calculate the remainder when 131481 is divided by 32685.
741
Calculate the remainder when 11755379 is divided by 2231.
240
Calculate the remainder when 687680 is divided by 12.
8
What is the remainder when 441598317 is divided by 12?
9
What is the remainder when 135243875 is divided by 27048774?
5
Calculate the remainder when 275322 is divided by 1447.
392
What is the remainder when 8271188 is divided by 169?
159
Calculate the remainder when 8541961 is divided by 143.
142
Calculate the remainder when 3667198 is divided by 3137.
45
Calculate the remainder when 67218439 is divided by 5001.
4999
Calculate the remainder when 1430432 is divided by 1094.
574
What is the remainder when 1547183 is divided by 49909?
4
What is the remainder when 19608821 is divided by 82?
79
What is the remainder when 245754 is divided by 1877?
1744
What is the remainder when 264892 is divided by 6019?
56
What is the remainder when 54841 is divided by 84?
73
What is the remainder when 11733231 is divided by 112?
111
What is the remainder when 4306611 is divided by 1035?
1011
What is the remainder when 54477303 is divided by 123?
111
What is the remainder when 726024 is divided by 48369?
489
What is the remainder when 10597620 is divided by 9840?
9780
What is the remainder when 147978 is divided by 11380?
38
What is the remainder when 25304657 is divided by 351?
14
Calculate the remainder when 2619 is divided by 1759.
860
What is the remainder when 16726 is divided by 1126?
962
Calculate the remainder when 803964 is divided by 160787.
29
Calculate the remainder when 98982 is divided by 10427.
5139
Calculate the remainder when 51656 is divided by 1121.
90
Calculate the remainder when 16946097 is divided by 57.
54
Calculate the remainder when 334974 is divided by 25762.
68
What is the remainder when 15819 is divided by 4853?
1260
What is the remainder when 59842 is divided by 53?
5
What is the remainder when 14948001 is divided by 7?
5
Calculate the remainder when 708440 is divided by 11.
7
Calculate the remainder when 3773174 is divided by 1746.
68
What is the remainder when 793068540 is divided by 23?
20
Calculate the remainder when 1670 is divided by 140.
130
Calculate the remainder when 52085884 is divided by 17361952.
28
What is the remainder when 7284726 is divided by 72?
54
Calculate the remainder when 201663 is divided by 2618.
77
Calculate the remainder when 86815 is divided by 28255.
2050
What is the remainder when 164580 is divided by 1442?
192
What is the remainder when 1249907 is divided by 602?
155
What is the remainder when 79865 is divided by 37931?
4003
What is the remainder when 118363 is divided by 118285?
78
What is the remainder when 336320 is divided by 33628?
40
Calculate the remainder when 21923800 is divided by 593.
590
Calculate the remainder when 16528863 is divided by 4132212.
15
Calculate the remainder when 5679583 is divided by 28.
7
Calculate the remainder when 15055038 is divided by 611.
609
Calculate the remainder when 3324723 is divided by 25.
23
What is the remainder when 7686629 is divided by 10208?
5
What is the remainder when 2201856 is divided by 37963?
2
What is the remainder when 12760002 is divided by 466?
456
What is the remainder when 202566 is divided by 283?
221
What is the remainder when 691587 is divided by 57?
6
What is the remainder when 840969 is divided by 1418?
95
Calculate the remainder when 344579 is divided by 2088.
59
Calculate the remainder when 148943690 is divided by 29788736.
10
Calculate the remainder when 4697 is divided by 245.
42
Calculate the remainder when 38981953 is divided by 274.
247
What is the remainder when 2587950 is divided by 13549?
91
What is the remainder when 12321267 is divided by 244?
243
What is the remainder when 34452 is divided by 32683?
1769
Calculate the remainder when 235134 is divided by 1170.
1134
Calculate the remainder when 1323305 is divided by 2636.
33
What is the remainder when 53393631 is divided by 306?
303
What is the remainder when 492273 is divided by 479?
340
Calculate the remainder when 239884 is divided by 119784.
316
Calculate the remainder when 1430801748 is divided by 469.
467
Calculate the remainder when 635467 is divided by 4852.
4707
Calculate the remainder when 84212 is divided by 26956.
3344
What is the remainder when 3441 is divided by 816?
177
What is the remainder when 51392167 is divided by 10278432?
7
Calculate the remainder when 42495784 is divided by 27.
25
Calculate the remainder when 2282981 is divided by 19.
17
Calculate the remainder when 362238 is divided by 3583.
355
Calculate the remainder when 47427 is divided by 15791.
54
Calculate the remainder when 5695861 is divided by 91.
80
Calculate the remainder when 50868054 is divided by 40.
14
What is the remainder when 3696753 is divided by 3283?
95
What is the remainder when 4628196 is divided by 40?
36
Calculate the remainder when 20565802 is divided by 5.
2
Calculate the remainder when 5350471 is divided by 2658.
2575
Calculate the remainder when 3113476 is divided by 1556720.
36
What is the remainder when 511453 is divided by 511432?
21
Calculate the remainder when 225340742 is divided by 1803.
1802
What is the remainder when 2727999 is divided by 29652?
15
Calculate the remainder when 259219 is divided by 3278.
257
Calculate the remainder when 641953 is divided by 90.
73
Calculate the remainder when 927690 is divided by 1094.
1072
Calculate the remainder whe